{"id":3252,"date":"2018-08-18T11:53:31","date_gmt":"2018-08-18T11:53:31","guid":{"rendered":"https:\/\/penzion-garden.cz\/?page_id=3252"},"modified":"2018-08-31T08:46:44","modified_gmt":"2018-08-31T08:46:44","slug":"gallery","status":"publish","type":"page","link":"https:\/\/penzion-garden.cz\/en\/gallery\/","title":{"rendered":"Gallery"},"content":{"rendered":"[vc_row ct_row_stretch=&#8221;&#8221; full_height=&#8221;yes&#8221; columns_placement=&#8221;top&#8221; full_width=&#8221;stretch_row&#8221; css=&#8221;.vc_custom_1531686579775{padding-top: 40px !important;padding-bottom: 40px !important;}&#8221;][vc_column][vc_tta_tabs color=&#8221;green&#8221; alignment=&#8221;center&#8221; active_section=&#8221;1&#8243;][vc_tta_section title=&#8221;Apartments&#8221; tab_id=&#8221;1527848806928-413bc3cb-04b5&#8243;][vc_masonry_media_grid style=&#8221;load-more&#8221; items_per_page=&#8221;4&#8243; element_width=&#8221;3&#8243; item=&#8221;3126&#8243; btn_title=&#8221;Read more&#8221; btn_color=&#8221;green&#8221; btn_align=&#8221;center&#8221; initial_loading_animation=&#8221;none&#8221; btn_button_block=&#8221;true&#8221; grid_id=&#8221;vc_gid:1534593324049-db33916e-87e7-1&#8243; include=&#8221;2822,2633,2821,2631,2630,2629,2628,2627,2626,2623,2622,2865,2864&#8243;][\/vc_tta_section][vc_tta_section title=&#8221;Pension&#8221; tab_id=&#8221;1527848806963-3d8af087-26d5&#8243;][vc_masonry_media_grid style=&#8221;load-more&#8221; items_per_page=&#8221;4&#8243; element_width=&#8221;3&#8243; btn_color=&#8221;green&#8221; btn_align=&#8221;center&#8221; initial_loading_animation=&#8221;none&#8221; btn_button_block=&#8221;true&#8221; grid_id=&#8221;vc_gid:1534593324050-c6500104-9f59-6&#8243; include=&#8221;2645,2644,2619,2648,2621,2606,2620,2607,2617,2618&#8243;][\/vc_tta_section][vc_tta_section title=&#8221;Countryside&#8221; tab_id=&#8221;1527848829031-eac49967-369f&#8221;][vc_masonry_media_grid style=&#8221;load-more&#8221; items_per_page=&#8221;4&#8243; element_width=&#8221;3&#8243; btn_color=&#8221;green&#8221; btn_align=&#8221;center&#8221; initial_loading_animation=&#8221;none&#8221; btn_button_block=&#8221;true&#8221; grid_id=&#8221;vc_gid:1534593324051-3e915a20-0239-5&#8243; include=&#8221;2642,2641,2634,2635,2636,2637,2638,2639,2640,2609,2610,2611,2612,2613,2614,2615,2616,2608&#8243;][\/vc_tta_section][\/vc_tta_tabs][\/vc_column][\/vc_row]\n","protected":false},"excerpt":{"rendered":"<p>[vc_row ct_row_stretch=&#8221;&#8221; full_height=&#8221;yes&#8221; columns_placement=&#8221;top&#8221; full_width=&#8221;stretch_row&#8221; css=&#8221;.vc_custom_1531686579775{padding-top: 40px !important;padding-bottom: 40px !important;}&#8221;][vc_column][vc_tta_tabs color=&#8221;green&#8221; alignment=&#8221;center&#8221; active_section=&#8221;1&#8243;][vc_tta_section title=&#8221;Apartments&#8221; tab_id=&#8221;1527848806928-413bc3cb-04b5&#8243;][vc_masonry_media_grid style=&#8221;load-more&#8221; items_per_page=&#8221;4&#8243; element_width=&#8221;3&#8243; item=&#8221;3126&#8243; btn_title=&#8221;Read more&#8221; btn_color=&#8221;green&#8221; btn_align=&#8221;center&#8221; initial_loading_animation=&#8221;none&#8221; btn_button_block=&#8221;true&#8221; grid_id=&#8221;vc_gid:1534593324049-db33916e-87e7-1&#8243; include=&#8221;2822,2633,2821,2631,2630,2629,2628,2627,2626,2623,2622,2865,2864&#8243;][\/vc_tta_section][vc_tta_section title=&#8221;Pension&#8221; tab_id=&#8221;1527848806963-3d8af087-26d5&#8243;][vc_masonry_media_grid style=&#8221;load-more&#8221; items_per_page=&#8221;4&#8243; element_width=&#8221;3&#8243; btn_color=&#8221;green&#8221; btn_align=&#8221;center&#8221; initial_loading_animation=&#8221;none&#8221; btn_button_block=&#8221;true&#8221; grid_id=&#8221;vc_gid:1534593324050-c6500104-9f59-6&#8243; include=&#8221;2645,2644,2619,2648,2621,2606,2620,2607,2617,2618&#8243;][\/vc_tta_section][vc_tta_section title=&#8221;Countryside&#8221; tab_id=&#8221;1527848829031-eac49967-369f&#8221;][vc_masonry_media_grid style=&#8221;load-more&#8221; items_per_page=&#8221;4&#8243; element_width=&#8221;3&#8243; btn_color=&#8221;green&#8221; btn_align=&#8221;center&#8221; initial_loading_animation=&#8221;none&#8221; btn_button_block=&#8221;true&#8221; grid_id=&#8221;vc_gid:1534593324051-3e915a20-0239-5&#8243; include=&#8221;2642,2641,2634,2635,2636,2637,2638,2639,2640,2609,2610,2611,2612,2613,2614,2615,2616,2608&#8243;][\/vc_tta_section][\/vc_tta_tabs][\/vc_column][\/vc_row]<\/p>\n","protected":false},"author":4,"featured_media":0,"parent":0,"menu_order":0,"comment_status":"closed","ping_status":"closed","template":"","meta":[],"yoast_head":"<!-- This site is optimized with the Yoast SEO plugin v15.4 - https:\/\/yoast.com\/wordpress\/plugins\/seo\/ -->\n<title>Gallery &ndash; Penzion Garden<\/title>\n<meta name=\"description\" content=\"Penzion nab\u00edzej\u00edc\u00ed ubytov\u00e1n\u00ed v \u010cern\u00e9m Dole (Krkono\u0161e, J\u00e1nsk\u00e9 L\u00e1zn\u011b) v p\u0159\u00edjemn\u00fdch apartm\u00e1nech. P\u0159ij\u010fte k n\u00e1m str\u00e1vit va\u0161i rodinnou dovolenou!\" \/>\n<meta name=\"robots\" content=\"index, follow, max-snippet:-1, max-image-preview:large, max-video-preview:-1\" \/>\n<link rel=\"canonical\" href=\"https:\/\/penzion-garden.cz\/en\/gallery\/\" \/>\n<meta property=\"og:locale\" content=\"en_US\" \/>\n<meta property=\"og:type\" content=\"article\" \/>\n<meta property=\"og:title\" content=\"Gallery &ndash; Penzion Garden\" \/>\n<meta property=\"og:description\" content=\"Penzion nab\u00edzej\u00edc\u00ed ubytov\u00e1n\u00ed v \u010cern\u00e9m Dole (Krkono\u0161e, J\u00e1nsk\u00e9 L\u00e1zn\u011b) v p\u0159\u00edjemn\u00fdch apartm\u00e1nech. P\u0159ij\u010fte k n\u00e1m str\u00e1vit va\u0161i rodinnou dovolenou!\" \/>\n<meta property=\"og:url\" content=\"https:\/\/penzion-garden.cz\/en\/gallery\/\" \/>\n<meta property=\"og:site_name\" content=\"Penzion Garden\" \/>\n<meta property=\"article:publisher\" content=\"https:\/\/www.facebook.com\/PenzionGarden\/\" \/>\n<meta property=\"article:modified_time\" content=\"2018-08-31T08:46:44+00:00\" \/>\n<meta name=\"twitter:card\" content=\"summary_large_image\" \/>\n<meta name=\"twitter:label1\" content=\"Written by\">\n\t<meta name=\"twitter:data1\" content=\"Keller\">\n\t<meta name=\"twitter:label2\" content=\"Est. reading time\">\n\t<meta name=\"twitter:data2\" content=\"1 minute\">\n<script type=\"application\/ld+json\" class=\"yoast-schema-graph\">{\"@context\":\"https:\/\/schema.org\",\"@graph\":[{\"@type\":\"Organization\",\"@id\":\"https:\/\/penzion-garden.cz\/en\/#organization\",\"name\":\"Penzion Gargen\",\"url\":\"https:\/\/penzion-garden.cz\/en\/\",\"sameAs\":[\"https:\/\/www.facebook.com\/PenzionGarden\/\"],\"logo\":{\"@type\":\"ImageObject\",\"@id\":\"https:\/\/penzion-garden.cz\/en\/#logo\",\"inLanguage\":\"en-US\",\"url\":\"https:\/\/penzion-garden.cz\/wp-content\/uploads\/2018\/06\/Apartmany-garden-640-2.jpg\",\"width\":640,\"height\":428,\"caption\":\"Penzion Gargen\"},\"image\":{\"@id\":\"https:\/\/penzion-garden.cz\/en\/#logo\"}},{\"@type\":\"WebSite\",\"@id\":\"https:\/\/penzion-garden.cz\/en\/#website\",\"url\":\"https:\/\/penzion-garden.cz\/en\/\",\"name\":\"Penzion Garden\",\"description\":\"Penzion v Krkono\\u0161\\u00edch nab\\u00edzej\\u00edc\\u00ed ubytov\\u00e1n\\u00ed v p\\u0159\\u00edjemn\\u00fdch apartm\\u00e1nech.\",\"publisher\":{\"@id\":\"https:\/\/penzion-garden.cz\/en\/#organization\"},\"potentialAction\":[{\"@type\":\"SearchAction\",\"target\":\"https:\/\/penzion-garden.cz\/en\/?s={search_term_string}\",\"query-input\":\"required name=search_term_string\"}],\"inLanguage\":\"en-US\"},{\"@type\":\"WebPage\",\"@id\":\"https:\/\/penzion-garden.cz\/en\/gallery\/#webpage\",\"url\":\"https:\/\/penzion-garden.cz\/en\/gallery\/\",\"name\":\"Gallery &ndash; Penzion Garden\",\"isPartOf\":{\"@id\":\"https:\/\/penzion-garden.cz\/en\/#website\"},\"datePublished\":\"2018-08-18T11:53:31+00:00\",\"dateModified\":\"2018-08-31T08:46:44+00:00\",\"description\":\"Penzion nab\\u00edzej\\u00edc\\u00ed ubytov\\u00e1n\\u00ed v \\u010cern\\u00e9m Dole (Krkono\\u0161e, J\\u00e1nsk\\u00e9 L\\u00e1zn\\u011b) v p\\u0159\\u00edjemn\\u00fdch apartm\\u00e1nech. P\\u0159ij\\u010fte k n\\u00e1m str\\u00e1vit va\\u0161i rodinnou dovolenou!\",\"inLanguage\":\"en-US\",\"potentialAction\":[{\"@type\":\"ReadAction\",\"target\":[\"https:\/\/penzion-garden.cz\/en\/gallery\/\"]}]}]}<\/script>\n<!-- \/ Yoast SEO plugin. -->","_links":{"self":[{"href":"https:\/\/penzion-garden.cz\/en\/wp-json\/wp\/v2\/pages\/3252\/"}],"collection":[{"href":"https:\/\/penzion-garden.cz\/en\/wp-json\/wp\/v2\/pages\/"}],"about":[{"href":"https:\/\/penzion-garden.cz\/en\/wp-json\/wp\/v2\/types\/page\/"}],"author":[{"embeddable":true,"href":"https:\/\/penzion-garden.cz\/en\/wp-json\/wp\/v2\/users\/4\/"}],"replies":[{"embeddable":true,"href":"https:\/\/penzion-garden.cz\/en\/wp-json\/wp\/v2\/comments\/?post=3252"}],"version-history":[{"count":5,"href":"https:\/\/penzion-garden.cz\/en\/wp-json\/wp\/v2\/pages\/3252\/revisions\/"}],"predecessor-version":[{"id":3685,"href":"https:\/\/penzion-garden.cz\/en\/wp-json\/wp\/v2\/pages\/3252\/revisions\/3685\/"}],"wp:attachment":[{"href":"https:\/\/penzion-garden.cz\/en\/wp-json\/wp\/v2\/media\/?parent=3252"}],"curies":[{"name":"wp","href":"https:\/\/api.w.org\/{rel}","templated":true}]}}

<!-- This site is optimized with the Yoast SEO plugin v15.4 - https://yoast.com/wordpress/plugins/seo/ -->
<title>Gallery &ndash; Penzion Garden</title>
<meta name="description" content="Penzion nabízející ubytování v Černém Dole (Krkonoše, Jánské Lázně) v příjemných apartmánech. Přijďte k nám strávit vaši rodinnou dovolenou!" />
<meta name="robots" content="index, follow, max-snippet:-1, max-image-preview:large, max-video-preview:-1" />
<link rel="canonical" href="https://penzion-garden.cz/en/gallery/" />
<meta property="og:locale" content="en_US" />
<meta property="og:type" content="article" />
<meta property="og:title" content="Gallery &ndash; Penzion Garden" />
<meta property="og:description" content="Penzion nabízející ubytování v Černém Dole (Krkonoše, Jánské Lázně) v příjemných apartmánech. Přijďte k nám strávit vaši rodinnou dovolenou!" />
<meta property="og:url" content="https://penzion-garden.cz/en/gallery/" />
<meta property="og:site_name" content="Penzion Garden" />
<meta property="article:publisher" content="https://www.facebook.com/PenzionGarden/" />
<meta property="article:modified_time" content="2018-08-31T08:46:44+00:00" />
<meta name="twitter:card" content="summary_large_image" />
<meta name="twitter:label1" content="Written by">
	<meta name="twitter:data1" content="Keller">
	<meta name="twitter:label2" content="Est. reading time">
	<meta name="twitter:data2" content="1 minute">
<script type="application/ld+json" class="yoast-schema-graph">{"@context":"https://schema.org","@graph":[{"@type":"Organization","@id":"https://penzion-garden.cz/en/#organization","name":"Penzion Gargen","url":"https://penzion-garden.cz/en/","sameAs":["https://www.facebook.com/PenzionGarden/"],"logo":{"@type":"ImageObject","@id":"https://penzion-garden.cz/en/#logo","inLanguage":"en-US","url":"https://penzion-garden.cz/wp-content/uploads/2018/06/Apartmany-garden-640-2.jpg","width":640,"height":428,"caption":"Penzion Gargen"},"image":{"@id":"https://penzion-garden.cz/en/#logo"}},{"@type":"WebSite","@id":"https://penzion-garden.cz/en/#website","url":"https://penzion-garden.cz/en/","name":"Penzion Garden","description":"Penzion v Krkono\u0161\u00edch nab\u00edzej\u00edc\u00ed ubytov\u00e1n\u00ed v p\u0159\u00edjemn\u00fdch apartm\u00e1nech.","publisher":{"@id":"https://penzion-garden.cz/en/#organization"},"potentialAction":[{"@type":"SearchAction","target":"https://penzion-garden.cz/en/?s={search_term_string}","query-input":"required name=search_term_string"}],"inLanguage":"en-US"},{"@type":"WebPage","@id":"https://penzion-garden.cz/en/gallery/#webpage","url":"https://penzion-garden.cz/en/gallery/","name":"Gallery &ndash; Penzion Garden","isPartOf":{"@id":"https://penzion-garden.cz/en/#website"},"datePublished":"2018-08-18T11:53:31+00:00","dateModified":"2018-08-31T08:46:44+00:00","description":"Penzion nab\u00edzej\u00edc\u00ed ubytov\u00e1n\u00ed v \u010cern\u00e9m Dole (Krkono\u0161e, J\u00e1nsk\u00e9 L\u00e1zn\u011b) v p\u0159\u00edjemn\u00fdch apartm\u00e1nech. P\u0159ij\u010fte k n\u00e1m str\u00e1vit va\u0161i rodinnou dovolenou!","inLanguage":"en-US","potentialAction":[{"@type":"ReadAction","target":["https://penzion-garden.cz/en/gallery/"]}]}]}</script>
<!-- / Yoast SEO plugin. -->
